hest common factor of 4699 and 148?
37
What is the greatest common divisor of 9 and 18?
9
What is the highest common factor of 60 and 36?
12
What is the highest common factor of 1160 and 264?
8
What is the greatest common factor of 54 and 81?
27
Calculate the highest common factor of 114 and 950.
38
Calculate the highest common divisor of 2 and 5.
1
What is the highest common divisor of 615 and 30?
15
Calculate the greatest common divisor of 1431 and 53.
53
Calculate the greatest common divisor of 125 and 40.
5
What is the highest common divisor of 344 and 3?
1
What is the highest common divisor of 52 and 4849?
13
What is the highest common factor of 1197 and 63?
63
What is the greatest common factor of 25099 and 57?
19
Calculate the greatest common factor of 24 and 870.
6
What is the greatest common factor of 589 and 31?
31
What is the highest common divisor of 80 and 5960?
40
Calculate the greatest common factor of 638 and 22.
22
What is the greatest common factor of 376 and 808?
8
What is the greatest common factor of 31 and 2?
1
Calculate the highest common factor of 116 and 522.
58
What is the greatest common factor of 918 and 646?
34
Calculate the highest common factor of 8 and 256.
8
Calculate the greatest common factor of 130 and 40.
10
Calculate the highest common divisor of 119 and 17.
17
What is the greatest common factor of 33 and 1056?
33
Calculate the greatest common factor of 208 and 91.
13
What is the highest common factor of 120 and 42060?
60
Calculate the greatest common divisor of 540 and 160.
20
What is the greatest common divisor of 527 and 17?
17
Calculate the greatest common factor of 30 and 225.
15
Calculate the greatest common factor of 3372 and 24.
12
Calculate the highest common divisor of 105 and 570.
15
Calculate the greatest common factor of 273 and 21.
21
What is the greatest common divisor of 71 and 213?
71
Calculate the highest common factor of 16 and 152.
8
Calculate the greatest common divisor of 105 and 63.
21
Calculate the greatest common factor of 1001 and 1820.
91
Calculate the greatest common factor of 1656 and 36.
36
What is the highest common divisor of 15 and 120?
15
Calculate the greatest common divisor of 1386 and 21.
21
Calculate the greatest common factor of 252 and 468.
36
What is the highest common divisor of 115 and 23?
23
What is the highest common divisor of 3 and 1527?
3
Calculate the highest common divisor of 83 and 1660.
83
What is the highest common divisor of 19710 and 292?
146
Calculate the greatest common factor of 196 and 7168.
28
Calculate the greatest common factor of 54 and 45.
9
What is the highest common factor of 66 and 1606?
22
What is the greatest common factor of 69 and 51?
3
Calculate the highest common divisor of 56 and 847.
7
Calculate the highest common divisor of 21814 and 52.
26
What is the highest common factor of 124 and 217?
31
Calculate the greatest common factor of 403 and 39.
13
What is the highest common divisor of 153 and 357?
51
What is the greatest common divisor of 15755 and 460?
115
What is the greatest common divisor of 45 and 72?
9
What is the greatest common divisor of 3280 and 240?
80
Calculate the greatest common factor of 96 and 156.
12
What is the highest common divisor of 24 and 12552?
24
What is the greatest common divisor of 18536 and 56?
56
Calculate the highest common factor of 295 and 177.
59
What is the greatest common divisor of 4464 and 288?
144
Calculate the greatest common divisor of 192 and 1296.
48
What is the greatest common factor of 88 and 24?
8
Calculate the highest common divisor of 20 and 610.
10
What is the highest common factor of 276 and 132?
12
What is the greatest common divisor of 328 and 410?
82
Calculate the highest common divisor of 1417 and 221.
13
Calculate the highest common divisor of 125 and 2075.
25
Calculate the greatest common factor of 837 and 675.
27
What is the greatest common factor of 112 and 3962?
14
Calculate the greatest common factor of 736 and 1794.
46
Calculate the highest common factor of 288 and 54.
18
What is the highest common factor of 1442 and 1648?
206
What is the highest common factor of 15 and 357?
3
Calculate the highest common factor of 90 and 510.
30
Calculate the greatest common divisor of 128 and 352.
32
Calculate the highest common divisor of 27 and 72.
9
Calculate the highest common factor of 257 and 6939.
257
What is the highest common divisor of 615 and 105?
15
What is the highest common factor of 510 and 30?
30
What is the highest common divisor of 2052 and 969?
57
What is the greatest common factor of 36390 and 60?
30
What is the greatest common factor of 832 and 26?
26
What is the greatest common divisor of 5258 and 286?
22
What is the greatest common divisor of 52 and 30290?
26
Calculate the highest common factor of 68 and 9197.
17
What is the greatest common factor of 27 and 1?
1
What is the greatest common factor of 250 and 115?
5
Calculate the highest common divisor of 117 and 15561.
117
Calculate the greatest common factor of 564 and 996.
12
What is the highest common divisor of 18234 and 18?
18
Calculate the highest common factor of 10 and 700.
10
Calculate the highest common factor of 4005 and 45.
45
Calculate the highest common divisor of 12 and 456.
12
What is the greatest common factor of 35 and 35?
35
Calculate the greatest common factor of 198 and 54.
18
What is the greatest common divisor of 798 and 336?
42
What is the greatest common factor of 100 and 1180?
20
What is the highest common divisor of 220 and 5995?
55
What is the highest common divisor of 1330 and 70?
70
What is the greatest common divisor of 770 and 165?
55
Calculate the highest common divisor of 62 and 31.
31
What is the highest common divisor of 15436 and 272?
68
Calculate the greatest common divisor of 1 and 7.
1
What is the highest common divisor of 48 and 1128?
24
Calculate the highest common divisor of 60 and 828.
12
What is the highest common factor of 368 and 48?
16
What is the greatest common factor of 10 and 1250?
10
Calculate the greatest common divisor of 184 and 8556.
92
Calculate the greatest common divisor of 3 and 96.
3
Calculate the highest common divisor of 18 and 1482.
6
What is the greatest common factor of 8 and 376?
8
What is the greatest common factor of 1006 and 2?
2
What is the highest common divisor of 1150 and 69?
23
What is the highest common factor of 209 and 171?
19
What is the highest common divisor of 22 and 36718?
22
Calculate the greatest common factor of 76 and 703.
19
What is the highest common divisor of 1462 and 258?
86
Calculate the greatest common factor of 16 and 184.
8
What is the highest common divisor of 36 and 447?
3
What is the highest common factor of 644 and 2668?
92
What is the highest common factor of 657 and 9?
9
What is the highest common factor of 806 and 13?
13
Calculate the highest common divisor of 12 and 108.
12
What is the highest common factor of 5491 and 289?
289
What is the greatest common divisor of 2691 and 414?
207
Calculate the greatest common divisor of 1205 and 1.
1
What is the greatest common divisor of 2150 and 20?
10
Calculate the highest common divisor of 10013 and 217.
31
Calculate the greatest common divisor of 231 and 66.
33
What is the greatest common factor of 1189 and 464?
29
What is the greatest common factor of 218 and 22018?
218
Calculate the greatest common factor of 688 and 215.
43
Calculate the highest common divisor of 7 and 63.
7
Calculate the highest common divisor of 319 and 902.
11
What is the highest common divisor of 1368 and 114?
114
Calculate the greatest common divisor of 24 and 2384.
8
Calculate the greatest common divisor of 10 and 956.
2
Calculate the greatest common factor of 380 and 40.
20
Calculate the greatest common factor of 44 and 6182.
22
What is the greatest common factor of 16 and 28?
4
What is the greatest common factor of 30 and 140?
10
What is the highest common divisor of 304 and 11324?
76
Calculate the highest common factor of 34 and 4607.
17
Calculate the highest common divisor of 4840 and 40.
40
Calculate the highest common factor of 290 and 1690.
10
Calculate the highest common factor of 286 and 39.
13
What is the highest common factor of 165 and 99?
33
Calculate the highest common divisor 